at is the units digit of ((-12)/20)/(5/(-8750))?
0
Let y = 15 + -15. Suppose 0 = -3*k - l - 8, y*k + 3*k - 3*l = 0. What is the tens digit of (-72)/k*(-5 + 6)?
3
What is the hundreds digit of ((754/39)/29)/((-1)/(-1356))?
9
Let y(a) = 3*a**2 + 12*a + 6. Let z be (-47)/(-7) - 8/(-28). What is the units digit of y(z)?
7
Let f = 3380 - 1163. What is the units digit of f?
7
Let k(w) = 142*w + 1125. What is the units digit of k(30)?
5
Suppose 62 = -3*f + u + 423, -605 = -5*f + u. Suppose -s = -4*y + s + 100, -5*y + s = -f. What is the units digit of y?
4
Let b(a) = 2*a**2 + 12 + 2 - a**2 - 12*a. Suppose -3*k + 3*r + 48 = 0, -8*r + 6*r = k - 1. What is the units digit of b(k)?
3
Suppose 0 = -f - 2*g + 224, 7*g - 2*g = 2*f - 430. Let v be f/(-8) - 1/2. Let u = -9 - v. What is the tens digit of u?
1
Let u be ((-25)/15)/((-2)/12). Let g = -155 - -159. What is the units digit of 5/u - (-170)/g?
3
Let u be 4 - 7/((-21)/(-72)). What is the tens digit of (-15)/u*-22*-4?
6
Let i(b) = b**3 + 14*b**2 - 3*b - 18. Let q be i(-14). What is the units digit of -1 + 3/(-3) + q?
2
Suppose -2*p + 4 = 0, 13 + 9 = 2*u + p. Let d = 3 + -5. What is the tens digit of d/(-4) + 155/u?
1
Suppose 21 = 4*k + 5*y - 2*y, -5*k + 24 = 3*y. Let n(t) = 2*t**2 - 2*t + 1. Let s be n(k). What is the tens digit of (s - -1) + (-4 - -2)?
1
Suppose -7*c + 4*k = -5*c - 5018, -3*c + 7560 = 5*k. What is the hundreds digit of c?
5
Let w(o) = 2*o**2 - 26*o + 29. Let u be w(12). Suppose -260 = -u*s + s. What is the units digit of s?
5
Let c(s) = s**2 + 9*s**2 + 10 - 9*s**2 + 5*s**2 - s + s**3. Suppose 11 = -5*v - 19. What is the tens digit of c(v)?
1
Suppose p - l - 6 = 0, p = 3*p + 3*l - 12. Let n be p/(-4) + 15/2. Suppose -2*i + 38 = 2*d, -2*d - 48 = -2*i - n*d. What is the units digit of i?
4
Let h(q) = 8*q**2 + 3*q + 3. Let s be h(-3). Suppose -9*w + 6*w - 24 = 0. What is the tens digit of (-32)/12*s/w?
2
Suppose -4*l + 16 = -2*p, 0 = 5*p - 0*p - 10. Suppose -26 = a - 3*a + 5*u, -3*a + l*u = -34. Suppose 3*i - 64 = a. What is the units digit of i?
4
Let f be 1/(-5) - (-2)/10. Suppose t - 5*m = 10, -2*m = t + 3*m. Suppose -3*j - 4*v - 58 = -t*j, -j - v + 26 = f. What is the tens digit of j?
2
Let v be 3/(-2)*(-4)/2. What is the units digit of v - (-24)/(-9) - 524/(-3)?
5
What is the tens digit of 164/(-14)*(-28)/8?
4
Let i = 2941 - 2002. What is the tens digit of i?
3
Let j = 12 - 10. Suppose 0 = -j*c - 2*c + 80. What is the tens digit of c/50*(70 - 0)?
2
Let p = 18 + -22. Suppose -3*d - 4*s = 25, 8*d - 3*d - 2*s = -7. What is the units digit of 36*p*d/24?
8
Let r = 77 + 1489. What is the hundreds digit of r?
5
Let x = 523 + -280. Suppose 3*m = -4*j + x, 11 = 5*j - 4. What is the tens digit of m?
7
Suppose 2 = 3*p - 4. Suppose -4*z + 5 + 29 = -p*j, 2*j = -z - 4. What is the units digit of ((-14)/(-21))/(z/495)?
5
Let a be ((-12)/(-15))/((-2)/10). Let z be (-1)/a + 1/(-4). Suppose z = -3*y + 47 - 5. What is the tens digit of y?
1
Suppose 10*p = -1253 + 10533. What is the units digit of p?
8
Suppose 28*r = -4*r + 53504. What is the units digit of r?
2
Suppose 58 + 20 = 6*t. Suppose 5*k = -2*w - 6, 2*k + 0*k = -3*w + t. What is the units digit of w?
7
Let q = 3 + -3. Suppose -5*s + 13 = l, q = 2*l - s + 19 - 100. What is the tens digit of l?
3
Let a(g) = 114*g + 35. What is the units digit of a(3)?
7
Suppose 2*r = -3*r - 540. Let a = -60 - r. What is the units digit of a?
8
Let u be (-3 - -3 - -1)/1. What is the units digit of (18/(-15))/(u/(-25))?
0
Let m(t) = 7*t - 15. Let c(d) = -27*d + 60. Let k(s) = -4*c(s) - 15*m(s). Let f be k(6). Suppose -f*q = i - 3*i - 124, -15 = 3*i. What is the tens digit of q?
3
Let g(t) = 3*t**2 + 9*t + 26. What is the thousands digit of g(41)?
5
Let s(k) = 21*k**2 - k + 1. Let t be s(1). Suppose -t = -f - m + 4*m, 0 = -2*f + 3*m + 39. What is the tens digit of ((-12)/18)/((-1)/f)?
1
Let q = 1323 - 588. What is the units digit of q?
5
Suppose 0 = -s - b + 2, -4*s - 6 = -0*b - 3*b. Let q(r) = -2 + 1 + 6 + s + 4*r. What is the units digit of q(6)?
9
Let n = -329 - -481. Suppose 5*f = -3*d + 354, 4*f + n = 6*f - 4*d. What is the units digit of f?
2
Suppose -5*c - 6*g + 1179 = -7*g, 5*g - 241 = -c. What is the tens digit of c?
3
Let v = -4 + 0. Let h = -10 + 18. Let p = h - v. What is the units digit of p?
2
Let s = -146 - -540. What is the units digit of s?
4
Let v(k) = 625*k - 62. What is the hundreds digit of v(2)?
1
Suppose 0 = -10*d - 46 + 7306. What is the units digit of d?
6
Let j(n) be the second derivative of n**5/20 + 5*n**4/4 + 29*n**3/6 + 23*n**2/2 - 13*n. What is the hundreds digit of j(-11)?
1
Let f be (1 + -4)/(6/(-8)). Let t be (-1)/f + 149/4. Let g = t + 3. What is the tens digit of g?
4
Let k(p) = 90*p + 526. What is the tens digit of k(-5)?
7
Let q(d) = 15*d - 1. Suppose -1 + 0 = -l. Let v be q(l). Let p = v + -7. What is the units digit of p?
7
Suppose 0 = 2*u + 4*i + 82, -3*u - u - 158 = 2*i. What is the tens digit of (-3633)/u + (-2)/13?
9
Let j = 50 - 11. What is the tens digit of 4/26 - (-1515)/j?
3
Let a(l) = 100*l**2 - 13*l - 7. What is the units digit of a(-2)?
9
Let d(h) = h + 8*h - h**3 + 2*h**3 - 10 + 13*h**2 + 2*h. Let c be d(-12). Suppose -c*l - 3*l = -160. What is the tens digit of l?
3
Suppose -16 = -4*f - 0*f + 4*l, 5*f + 3*l + 4 = 0. Let o(y) = 1 - f + 0*y - 7*y + 6. What is the units digit of o(-6)?
8
Let k = -222 + 333. What is the hundreds digit of k?
1
Suppose 5*c = 2*c + 3. What is the units digit of (6/c - 1) + -2?
3
Let q(d) = 7*d**2 + 2*d + 1. Let x(v) = -v**3 + 15*v**2 - v + 14. Let r be x(15). What is the units digit of q(r)?
6
Let i(w) = -6*w**3 + 6 - 5*w**3 - w**2 - w + 6*w**2 + 10*w**3. What is the tens digit of i(4)?
1
Let q(r) = 10*r. Let y be q(1). Suppose -o + y = -12. What is the tens digit of o?
2
Let q be (5/15)/((-4)/(-36)). Let y(i) = 0*i + i**q + 0*i + i + 38. What is the tens digit of y(0)?
3
Let n(h) = -39*h**3 + 2*h**2 + 10*h + 8. What is the tens digit of n(-1)?
3
Suppose -2*l = 42*l - 113740. What is the thousands digit of l?
2
Let t be 4/(6 - 2) - -110. Let q be (7/4)/((-9)/(-324)). Let m = t - q. What is the tens digit of m?
4
Let o(p) = -14*p + p**2 + 11*p + 4*p + 3. What is the units digit of o(12)?
9
Let t(x) = x**3 + 28*x**2 - 2*x - 39. What is the hundreds digit of t(-27)?
7
What is the hundreds digit of (13 + -3 - -2540) + -5?
5
Suppose -3*c - 45 = -6*c. Suppose 0*b - c = 5*b. Let m = b + 5. What is the units digit of m?
2
Suppose -4*u + 8 = -0*u. Suppose -5 = -b - 3. Suppose -6*m - c + 142 = -u*m, 40 = m - b*c. What is the tens digit of m?
3
Let h be 66/(-4) - (-6)/12. Let d(i) be the first derivative of -i**2/2 + 13*i + 1. What is the units digit of d(h)?
9
Let k = 2184 + 218. What is the thousands digit of k?
2
Suppose 5*u + 11 = m, -4*m + 67 = 5*u - 2*u. Suppose j = -4*v + 37, -2*v = j - m - 15. What is the units digit of j?
5
Suppose 11*s + 15 = 6*s. What is the units digit of 2 + 38 + (s - 0)?
7
Suppose 0 = 7*d - 2*d - 25. Suppose 5 + d = -5*a. Let s(p) = p**3 + 2*p**2 + 1. What is the units digit of s(a)?
1
Suppose 0*v = 3*v - 174. Let x = 101 - v. What is the units digit of x?
3
Suppose -8*b + 5*b + 75 = 0. Suppose -b*j + 23*j = -98. What is the units digit of j?
9
Let g be 364/18 + (-26)/117. Suppose -g = 5*l + 5*q, 5*q - 3 = -l + 5. Let a = -2 - l. What is the units digit of a?
5
Let d = 648 + -349. What is the units digit of d?
9
Suppose 3*o + 20 = 8*o. What is the units digit of (3 - 5) + 36 + (1 - o)?
1
Suppose -97*x = -98*x + 393. What is the tens digit of (x/12)/(1/4)?
3
Let f(n) be the third derivative of -n**4/24 - 5*n**3/6 + 7*n**2. Let o be f(-7). What is the units digit of 5*(o + 9/(-5))?
1
Let k(c) = 2*c**3 - 22*c**2 + 28*c - 1. Let s be k(12). Suppose -n = -5*g - 229, -2*n + 5*n = -g + s. What is the tens digit of n?
0
Suppose -5*i = r - 2, -3*r - 7*i = -2*i - 6. Suppose 12 = 4*y, r*y + 96 = -2*j + 4*j. What is the units digit of j?
1
Suppose 0 = 2*t + t - 15. Suppose 5*s - 2*x - 437 = 0, s + 343 = t*s + 5*x. What is the units digit of s?
7
Suppose 0 = -3*r + r + 8. Let l(b) = b**3 - 2*b**2 + 3*b - 5. Let s be l(r). What is the tens digit of 12/(-78) - (-1254)/s?
3
Let m(y) = -8*y**3 + 3*y**2 - 3*y - 19. What is the tens digit of m(-2)?
6
Let h be (-6)/(((-42)/4)/7). Supp